y f?
9
Suppose -m = -9 - 84. Let z(p) = 10*p + 4. Let g = -16 - -18. Calculate the remainder when m is divided by z(g).
21
Suppose 314 - 2564 = -90*q. Calculate the remainder when 341 is divided by q.
16
Suppose 0 = 2*j + 5*x - 73 - 83, 282 = 4*j - 5*x. Let z = 126 - j. What is the remainder when z is divided by 15?
8
Let y be 1434/4*((-112)/(-21) + -6). Let p = 398 + y. Calculate the remainder when p is divided by 55.
49
Suppose -4*y + 55 = -37. Let r(a) = a + 8. Calculate the remainder when y is divided by r(-4).
3
Suppose 3*b - 4*i = 127, 0*b - 4*b - 2*i = -162. Suppose 5*t - 49 = b. Let y = 31 - t. What is the remainder when y is divided by 3?
1
Let n = -16 - -15. What is the remainder when 1 - n - (-33 + -22) is divided by 12?
9
Let q = 353 + -257. What is the remainder when 282 is divided by q?
90
Let k be ((-2)/6)/((-6)/(-27))*4. Calculate the remainder when 27 is divided by 40/k*(-6)/4.
7
Suppose -4 - 4 = -2*d. Suppose -d*b = 2*m - 102, -3*m = 5*b - 0*m - 126. What is the remainder when 80 is divided by b?
26
Let v be (-36)/9*6/(-8). Suppose -3*p + v*c + 1 = -23, -2*p + 3*c = -21. What is the remainder when p/(-1) - (-76)/4 is divided by 6?
4
Let z(r) = 3*r**2 + r + 16. Let y be z(-6). Suppose 4*u - y = -30. What is the remainder when 84 is divided by u?
18
Let q = -4928 + 4971. Suppose -4*x + 19 = -33. Calculate the remainder when q is divided by x.
4
Let f be (2 + (-2)/7)*21. Suppose -37*g + f*g = -19. What is the remainder when g is divided by 13?
6
Let h(u) = u + 49. Calculate the remainder when 62 is divided by h(-26).
16
Let i(x) be the second derivative of 0 - 10*x + 1/6*x**3 + 9/2*x**2. Calculate the remainder when 55 is divided by i(5).
13
Let i(z) = z**2 - 2*z - 2. Calculate the remainder when i(6) is divided by (160/360)/((-2)/(-36)).
6
Let n = -14 - -14. Let p(w) = w**3 - w**2 + 2*w + 12. Let q be p(n). Let v = 17 - q. Calculate the remainder when 13 is divided by v.
3
Let z(h) be the second derivative of h**5/20 + 5*h**4/6 + 7*h**3/6 - 3*h**2/2 + 4*h. Let x = 172 + -143. Calculate the remainder when x is divided by z(-9).
14
Let m = 8 - -35. Suppose 3*n - 18 = -z, -2*z - m = -5*n - 2. What is the remainder when n is divided by 2?
1
Let p = -15 + 22. Suppose -7*m = 2656 - 2775. What is the remainder when m is divided by 1/(((-14)/(-12))/p)?
5
Let z(o) = 3*o**3 - 1. Let m(f) = 6*f**2 - 12*f - 10. Calculate the remainder when m(-1) is divided by z(1).
0
Let p = -682 - -721. Calculate the remainder when 53 is divided by p.
14
Suppose 17*v = 11*v + 84. Suppose 0 = 2*o + 2*o - 1100. Suppose -5*f = -x + 5*x - o, 4*f - 3*x = 220. Calculate the remainder when f is divided by v.
13
Suppose -72 = -2*g + x - 1, 77 = 2*g + 5*x. Let o = g - -41. What is the remainder when o is divided by 22?
11
Let x = 88 - -23. What is the remainder when x is divided by (-2 + 56/12)*(-342)/(-24)?
35
Let b(i) = -19*i + 327. Calculate the remainder when 411 is divided by b(16).
20
Suppose -2*d + f + 3*f = -34, -4*f + 41 = 3*d. Let y be ((-12)/d)/((-3)/165). Let k = -30 + y. What is the remainder when 27 is divided by k?
13
Let v(l) = 12*l**2 - l + 1. Let b be v(1). Let y(s) = 3*s + 24. Calculate the remainder when y(b) is divided by 21.
18
Suppose 0 = -8*t + 7*t - v + 96, -195 = -2*t - v. Calculate the remainder when t is divided by 10.
9
Let p(t) = 42*t + 2. Let a be p(1). Suppose 58 = 6*h - a. Calculate the remainder when 22 is divided by h.
5
Let z be 0 - (-1 + -5)/2. Suppose -z*b - 33 = -5*b + 3*q, -4*b = q - 45. Suppose -b = 4*a - 0, 5*s - 46 = 2*a. What is the remainder when 12 is divided by s?
4
Let s(t) = 2*t**2 - t + 19. Let l be s(0). Let n(v) = -v + 22. Calculate the remainder when 6 is divided by n(l).
0
Suppose 2*z - 20 = -0*z. Let l = -3556 + 3562. Calculate the remainder when z is divided by l.
4
Suppose -8*j + 11*j = 63. Calculate the remainder when 9 - -30 - (0 + 0) is divided by j.
18
Let a(r) = -62*r + 7. Let g be a(-2). Let d = -66 + g. What is the remainder when d is divided by 22?
21
Suppose 120 = 447*v - 439*v. What is the remainder when 1424 is divided by v?
14
Let x(o) = -o**2 + 34*o + 18. Calculate the remainder when 35 is divided by x(34).
17
What is the remainder when 72 is divided by 1*63/12*(0 + 4)?
9
Suppose 34 + 16 = 5*g. Suppose 8 + 18 = 2*d + 4*r, 0 = 2*d - 3*r + 2. Suppose -d*k = -53 - 37. What is the remainder when k is divided by g?
8
Let h = -11 + 7. Let c(a) be the first derivative of -a**4/4 - 4*a**3/3 - 3*a**2/2 - 3*a - 3. Calculate the remainder when 17 is divided by c(h).
8
Suppose -2*l = 8*l - 40. Suppose -u + 3*h + l = 0, -3*u - 5*h + 48 = -2*h. Calculate the remainder when 115 is divided by u.
11
Suppose 0 = 2*t - 3*v - 139, -v + 373 = 5*t - 0*v. What is the remainder when t is divided by 38?
36
Let d(m) = 4*m**2 - 5*m - 4. Calculate the remainder when 237 is divided by d(-2).
17
Suppose 4*x - 281 = 315. Calculate the remainder when x is divided by ((-2)/4)/((-9)/(-228)*17/(-51)).
35
Suppose -33*g + 35*g - 83 = j, 0 = 3*g - 4*j - 132. Calculate the remainder when 159 is divided by g.
39
Let d(o) = o**2 - 1. Let f(g) = 6*g**2 - 2*g - 2. Let j be f(-6). What is the remainder when (-10)/(-25) - j/(-10) is divided by d(-3)?
7
Suppose -3*r = r - 60. Let d = r + -5. Calculate the remainder when 19 is divided by (2 - -4)/(15/d).
3
Suppose 3*q = v - 40, 5*v = -9*q + 8*q + 280. Calculate the remainder when v is divided by 16.
7
Calculate the remainder when 34 + -5*(-6)/50*-5 is divided by 30.
1
Let r = 106 + -2. Let d = r + -85. Suppose j = -j + 110. What is the remainder when j is divided by d?
17
Let l be 1373/5 + 8/20. Suppose 3*m - 2*g + 7*g - 165 = 0, -5*m = -5*g - l. Let a = m + -38. Calculate the remainder when a is divided by 9.
8
Let d be -1 - 1*4/(-4). Suppose -4*u + 8 = u + 4*n, -u - 2*n - 2 = d. Suppose 0*c = -u*c + 16. Calculate the remainder when c is divided by 3.
1
Let i = -93 + 148. Suppose -i - 45 = -4*k. What is the remainder when 47*1 + (-1 - -3) is divided by k?
24
Suppose 12*g = 20*g - 80. What is the remainder when 138 is divided by g?
8
Let x(n) = -1788*n - 2. Let p be x(-1). Suppose -4294 - p = -5*u. Calculate the remainder when 57 is divided by 2/(-10) - u/(-80).
12
Suppose -116*r + 40*r = -237652. Calculate the remainder when r is divided by 92.
91
Calculate the remainder when 206 is divided by -105*(14/6)/(-7)*1.
31
Suppose -h + x + 100 = 0, 185 + 191 = 4*h + 2*x. Calculate the remainder when h is divided by 6.
0
Let l(d) = -29*d**3 + 2*d**2. Calculate the remainder when 494 is divided by l(-1).
29
Suppose -5*o - 60 = -0*o. What is the remainder when 15/9 + (-220)/o is divided by 11?
9
What is the remainder when ((-1065)/(-284))/(((-6)/(-1120))/1) is divided by 64?
60
Suppose 0 = 5*v - 4*b + 7, v + v + 2 = 2*b. What is the remainder when 11 is divided by (v/(-12))/((-6)/(-72))?
2
Suppose -4*z - 2 = -618. Calculate the remainder when z is divided by (-2 - 1)*(13 + 280/(-12)).
30
Let w(h) = 37*h. Calculate the remainder when (-5)/10 + 438/4 is divided by w(1).
35
Let p be 52/14 + 3*6/63. Suppose 0 = 2*j + 3*d - 39, -p*j + 3*d + 128 = -d. What is the remainder when j is divided by 14?
13
Let t = 329 + -323. What is the remainder when 71 is divided by t?
5
What is the remainder when 73 is divided by 4/18 - (5472/(-162) + 11)?
4
Let j = 136 + -131. Let w(h) = -h + 70. Let y be w(0). Suppose -5*d = 5*m - y, -14 = -j*d + 6. Calculate the remainder when 37 is divided by m.
7
Let s = 12 + -10. Suppose -s*f + 110 = 10. What is the remainder when f is divided by 104/6 + (-2)/6?
16
What is the remainder when 69 is divided by 8/24*15 - -19?
21
Let o = 52 - 152. Let p = -64 - o. What is the remainder when 104 is divided by p?
32
Let s = -422 + 428. Calculate the remainder when 32 is divided by s.
2
Let z = 3 - -1. Let a be 6/z*30/9. Suppose n - 4*g = -g - 9, -2*n - 13 = -a*g. Calculate the remainder when n is divided by 3.
0
Suppose 3*g = 3*l - 6, -2*l - 3*g - g = -34. What is the remainder when 20 is divided by l?
6
Suppose 20*h = 375 + 465. Calculate the remainder when 118 is divided by h.
34
Let g be 16/(-3) - (-6)/(-9). Suppose j + s = 0, -4*j - s = 2*s + 1. What is the remainder when -4 - g - (j + -82) is divided by 22?
19
Let k = 218 + -122. Suppose 2*v + 13 = -3*p + k, 4*v + p - 151 = 0. Supp